2509
What is the remainder when 156024 is divided by 989?
751
Calculate the remainder when 13726 is divided by 458.
444
What is the remainder when 125281 is divided by 10350?
1081
Calculate the remainder when 503513 is divided by 12280.
33
What is the remainder when 1267593 is divided by 316890?
33
What is the remainder when 96280 is divided by 3851?
5
What is the remainder when 4085340 is divided by 310?
160
Calculate the remainder when 97509 is divided by 243.
66
Calculate the remainder when 9192528 is divided by 180.
108
What is the remainder when 8285806 is divided by 8285790?
16
Calculate the remainder when 333365 is divided by 66669.
20
Calculate the remainder when 27528596 is divided by 3055.
3046
What is the remainder when 52807796 is divided by 7543970?
6
Calculate the remainder when 3686463 is divided by 16.
15
Calculate the remainder when 12424788 is divided by 155.
143
What is the remainder when 532940 is divided by 12939?
2441
What is the remainder when 151899 is divided by 674?
249
Calculate the remainder when 3232837 is divided by 248674.
75
Calculate the remainder when 401896 is divided by 2772.
2728
What is the remainder when 31515489 is divided by 1609?
6
What is the remainder when 1565227 is divided by 770?
587
Calculate the remainder when 1038687 is divided by 259671.
3
Calculate the remainder when 396865 is divided by 198232.
401
What is the remainder when 61620073 is divided by 1485?
1483
What is the remainder when 15858004 is divided by 152?
148
Calculate the remainder when 24476920 is divided by 611921.
80
Calculate the remainder when 14012660 is divided by 13.
12
What is the remainder when 7749025 is divided by 69?
49
Calculate the remainder when 6300263 is divided by 2929.
2913
What is the remainder when 2673564 is divided by 758?
98
Calculate the remainder when 64904 is divided by 4114.
3194
What is the remainder when 215862 is divided by 7443?
15
Calculate the remainder when 261479324 is divided by 1056.
1052
Calculate the remainder when 22150 is divided by 2204.
110
What is the remainder when 12650998 is divided by 272?
6
What is the remainder when 1242066 is divided by 413984?
114
What is the remainder when 12065928 is divided by 43?
42
Calculate the remainder when 2843083 is divided by 1094.
871
Calculate the remainder when 12642 is divided by 4133.
243
What is the remainder when 2560246 is divided by 972?
970
What is the remainder when 376295 is divided by 9883?
741
Calculate the remainder when 128531158 is divided by 545.
538
What is the remainder when 4035583 is divided by 29?
1
Calculate the remainder when 657 is divided by 204.
45
What is the remainder when 132178695 is divided by 2323?
2318
What is the remainder when 194394 is divided by 64750?
144
Calculate the remainder when 4331833 is divided by 49.
37
What is the remainder when 25758840 is divided by 57885?
15
What is the remainder when 9369318 is divided by 2378?
2376
What is the remainder when 1799636 is divided by 599852?
80
What is the remainder when 15942046 is divided by 24?
22
Calculate the remainder when 35172 is divided by 3207.
3102
Calculate the remainder when 128580929 is divided by 10217.
10201
What is the remainder when 66009591 is divided by 108?
99
Calculate the remainder when 7950263 is divided by 3975125.
13
What is the remainder when 673495 is divided by 224451?
142
Calculate the remainder when 6507947 is divided by 206.
201
What is the remainder when 28864847 is divided by 130?
37
What is the remainder when 693639 is divided by 2201?
324
Calculate the remainder when 1026999 is divided by 298.
91
Calculate the remainder when 704544 is divided by 4179.
2472
What is the remainder when 3671172 is divided by 152964?
36
Calculate the remainder when 199318613 is divided by 11546.
15
What is the remainder when 593368837 is divided by 40?
37
Calculate the remainder when 333545 is divided by 166456.
633
What is the remainder when 88751 is divided by 267?
107
Calculate the remainder when 11921652 is divided by 18118.
8
What is the remainder when 167145 is divided by 420?
405
What is the remainder when 265990 is divided by 615?
310
Calculate the remainder when 1000182 is divided by 98.
92
Calculate the remainder when 4778460 is divided by 2531.
2463
Calculate the remainder when 299722 is divided by 19849.
1987
What is the remainder when 4522537 is divided by 16?
9
What is the remainder when 2767369 is divided by 276736?
9
Calculate the remainder when 52979017 is divided by 1668.
1
Calculate the remainder when 2708060 is divided by 805.
40
What is the remainder when 11209397 is divided by 189?
185
Calculate the remainder when 1137644 is divided by 15.
14
Calculate the remainder when 154389 is divided by 1718.
1487
What is the remainder when 867813 is divided by 216253?
2801
Calculate the remainder when 574127 is divided by 10.
7
What is the remainder when 10217102 is divided by 11403?
14
Calculate the remainder when 11251692 is divided by 53074.
4
Calculate the remainder when 2196985 is divided by 711.
706
Calculate the remainder when 99629 is divided by 19774.
759
What is the remainder when 13103187 is divided by 123?
120
What is the remainder when 1252838 is divided by 18424?
6
What is the remainder when 682826 is divided by 682824?
2
Calculate the remainder when 9034428 is divided by 4517208.
12
Calculate the remainder when 128579 is divided by 412.
35
What is the remainder when 33448427 is divided by 3?
2
What is the remainder when 74039281 is divided by 26?
17
Calculate the remainder when 10504225 is divided by 30.
25
What is the remainder when 354176 is divided by 118008?
152
What is the remainder when 1405252 is divided by 51?
49
What is the remainder when 32976 is divided by 5423?
438
Calculate the remainder when 273623 is divided by 2512.
2327
Calculate the remainder when 198471566 is divided by 15.
11
Calculate the remainder when 29993769 is divided by 948.
945
What is the remainder when 34449078 is divided by 614?
608
Calculate the remainder when 21290468 is divided by 3041495.
3
Calculate the remainder when 1437938 is divided by 82.
68
What is the remainder when 6424817 is divided by 73?
14
What is the remainder when 179009 is divided by 178845?
164
Calculate the remainder when 39006801 is divided by 6693.
6690
What is the remainder when 74797 is divided by 2968?
597
What is the remainder when 38037 is divided by 12490?
567
Calculate the remainder when 3983695 is divided by 1918.
9
Calculate the remainder when 2062028 is divided by 646.
642
What is the remainder when 23647924 is divided by 35?
34
Calculate the remainder when 243685 is divided by 8409.
8233
What is the remainder when 2194708 is divided by 62705?
33
What is the remainder when 6363 is divided by 1787?
1002
Calculate the remainder when 4247681 is divided by 3206.
2937
Calculate the remainder when 573714 is divided by 95580.
234
What is the remainder when 10252482 is divided by 1746?
1716
What is the remainder when 28594 is divided by 28526?
68
What is the remainder when 149318 is divided by 56?
22
What is the remainder when 245237 is divided by 12896?
213
Calculate the remainder when 296353 is divided by 1175.
253
What is the remainder when 2674106 is divided by 222824?
218
Calculate the remainder when 59326 is divided by 29565.
196
Calculate the remainder when 584253 is divided by 36515.
13
Calculate the remainder when 27593384 is divided by 1719.
1715
What is the remainder when 717823 is divided by 2393?
2316
Calculate the remainder when 4233726 is divided by 235.
201
Calculate the remainder when 467550 is divided by 1525.
900
Calculate the remainder when 183013 is divided by 13068.
61
What is the remainder when 5315 is divided by 740?
135
Calculate the remainder when 74808 is divided by 37368.
72
What is the remainder when 24275051 is divided by 21?
17
What is the remainder when 1043785 is divided by 33?
28
Calculate the remainder when 4674333 is divided by 16813.
319
Calculate the remainder when 4710267 is divided by 8595.
207
What is the remainder when 191925 is divided by 319?
206
What is the remainder when 478942 is divided by 454?
426
Calculate the remainder when 698290 is divided by 13175.
15
What is the remainder when 65547 is divided by 817?
187
Calculate 